 = -6*f(g) - 13*p(g). Give m(-6).
11
Let r(q) be the second derivative of q**5/20 + q**4/2 + 5*q**3/6 + q**2/2 + 9*q. Suppose i + 3 + 2 = 0. Determine r(i).
1
Let p = -3 + 3. Suppose -5*f - 11 - 7 = 2*m, -m - 5*f - 19 = p. Let y(z) = -2*z + 1. What is y(m)?
-1
Suppose y - 31 = -4*s + 4*y, -3*s + 2*y = -22. Let a(w) = w**3 - 4*w**2 - 5*w + 3. Determine a(s).
-17
Let m(z) be the second derivative of 5/6*z**3 + 0 - 2*z + 1/12*z**4 + 3/2*z**2. Suppose 2*t = -3*b - 1, 4*t + 4*b - b = -11. What is m(t)?
3
Let t(l) = 8 - 36 + 2*l + 22. Let w be (1/3)/(1/12). Determine t(w).
2
Let o(c) = 11*c - 30. Let m(i) = -7*i + 20. Let b(w) = 8*m(w) + 5*o(w). Let r be -2 + 3*(-3)/(-1). What is b(r)?
3
Let r(o) = -2*o**2 + 8*o + 11. Let d(s) = -s**2 + 5*s + 7. Let j(m) = -8*d(m) + 5*r(m). Calculate j(1).
-3
Suppose -4*u + 20 - 4 = 0. Let m(c) = c**3 - 4*c**2 - 3*c + 6. Determine m(u).
-6
Let p(v) = 7*v**3 + v**2 - 5*v - 12. Let r(b) = b**3 + b**2 - 1. Let a(l) = -p(l) + 6*r(l). Determine a(6).
0
Suppose -2*a + 21 = 3*a + 2*z, -5*a + 3*z = -6. Let h(i) = 4*i**3 + 5*i**2 + i - 2*i**3 - a*i**2. Suppose -4 = -4*j - 8. Determine h(j).
-1
Let w(j) = -j**3 - 7*j**2 + 7*j - 6. Let h be w(-8). Let p(z) = -z**3 + z**2 + 2*z - 3. What is p(h)?
-3
Let b be (-6)/15 - 24/(-15)*-1. Let a(c) = c - 2 + 1 - 1. Give a(b).
-4
Let y(m) = -m**2 + 4*m - 4. Let a(t) = t**2 + 3*t + 4. Let u be a(-3). Determine y(u).
-4
Let s be 1/((3/15)/(-1)). Let g(q) = 2*q - 5*q + 2 + 2*q. Determine g(s).
7
Let s(k) be the second derivative of -1/3*k**3 + 1/20*k**5 + 0 + 0*k**2 + 3*k + 1/12*k**4. What is s(-2)?
0
Let h(v) = v**2 + 5*v - 8. Let z be h(-7). Suppose z = 2*o - 0. Suppose 7*j - 16 = o*j. Let s(q) = -q - 1. Determine s(j).
-5
Let a(o) be the third derivative of o**2 + 0 - 1/2*o**3 + 0*o - 1/8*o**4. Calculate a(3).
-12
Let p(n) = n - 141 + 3*n**3 + 141. What is p(-1)?
-4
Let f(i) = -4*i**3 - 3*i**2 + 7*i - 1. Let c(t) = 11*t**3 + 10*t**2 - 21*t + 2. Let n(w) = -3*c(w) - 8*f(w). What is n(-7)?
2
Let d(f) = f**3 + 4*f**2 + 4. Suppose -c + 3*c = -10. Let y = c + 12. Suppose 5*g + 13 = -y. Give d(g).
4
Suppose -5*h + 4*h = 3*b - 3, -h + 2*b = 7. Let m(n) = -4*n - 4. What is m(h)?
8
Let w(f) be the first derivative of 2*f - 5/2*f**2 - 1 + 1/3*f**3. Determine w(3).
-4
Let p(n) be the first derivative of n**3/3 + n**2/2 - 5*n - 9. Determine p(-5).
15
Let b = 17 - 17. Let k(j) = j**2 - 3*j - 3 + 3*j**3 - 2*j**3 + 2*j**2 + b*j**2. Suppose 3*p + 0*p = -9. Calculate k(p).
6
Let a(k) = -2*k**2 - 6*k. Suppose -4 = -5*d + 51. Let b = -6 + d. Suppose 9 = -3*t - j, -t - t - j = b. Calculate a(t).
-8
Let v(y) = 3 + 29*y - 53*y + 25*y. What is v(-4)?
-1
Let u(a) = -2*a**3 - 6*a**2 - 3*a - 2. Let x(g) = g**3 + g**2 - g + 1. Let z(d) = -u(d) - x(d). Give z(-3).
7
Suppose -2*j = 2*j. Let p(w) = 1 - 2 + 0 + j + 3*w. Give p(1).
2
Suppose 2*i + 2 = -0*i. Let b(g) = -6*g + 1 + 2*g + 3*g - 2*g**3. Let k(d) = d. Let v(w) = i*b(w) - k(w). Calculate v(-1).
-3
Let p(t) = -3*t**3 + 7*t**2 - 11*t + 8. Let s(h) = -4*h**3 + 7*h**2 - 12*h + 8. Let r(n) = 3*p(n) - 2*s(n). Give r(6).
-10
Let n(u) = -9*u**3 + 3*u**2 - 13*u - 8. Let a(h) = 5*h**3 - h**2 + 7*h + 4. Let l(o) = 11*a(o) + 6*n(o). Determine l(-7).
3
Let c(y) = -y**2 - 5*y - 2. Let d = 0 - 5. Determine c(d).
-2
Suppose y - 10 = -4*y. Let z(o) = o**3 - 4*o**2 + 2*o + 1. Determine z(y).
-3
Let t(v) = 6 - 7 - 1 + v. Let l be (-7)/((-14)/(-4)) + 6. What is t(l)?
2
Let r = -21 - -21. Suppose 5*c = p - 25, 15 = -3*c - 3*p - r. Let z(u) = -u**3 - 5*u**2 - u - 1. Calculate z(c).
4
Let b = 9 - 5. Let o(u) be the second derivative of u**4/24 - u**3/2 + u**2 - u. Let n(g) be the first derivative of o(g). Give n(b).
1
Let n(i) = 4*i**3 - i + 1. Let c be 4/(-8)*1*-2. Give n(c).
4
Let z = -1 + 4. Let c(j) be the third derivative of -j**6/120 + j**5/30 - j**4/12 + 2*j**3/3 + 7*j**2. What is c(z)?
-11
Suppose 27*y - 93 = 69. Let x(h) = 7*h**3 - 14*h**2 + 3*h + 1. Let c(m) = -4*m**3 + 7*m**2 - m. Let z(o) = -5*c(o) - 3*x(o). Determine z(y).
9
Let n(l) be the third derivative of 0 + 0*l**4 + 0*l - 1/6*l**3 - 1/10*l**5 - l**2. Give n(-1).
-7
Let l(o) = 1. Let q(d) = d - 11. Let k(g) = 5*l(g) + q(g). Let c be k(7). Let t be (-36)/(-8) + c/2. Let r(p) = 2*p - 5. What is r(t)?
5
Let g(o) be the second derivative of o**3/6 + 2*o**2 + o. Let w be g(-4). Let y(k) be the first derivative of k**2/2 + k - 1. Calculate y(w).
1
Let y be 4/14 + (-24)/(-14). Let s(j) = j**3 + 3*j - 1 + y*j**2 + j**2 + 2 + 0*j**2. Suppose -5*x - 5 = 5*m, 2*x + 7 = -3*x - 3*m. What is s(x)?
-1
Suppose -5*b + 22 - 12 = 0. Let u(d) = d**2 + 2*d - 3. Calculate u(b).
5
Let b(z) = -z**2 - z + 2. Let w be (-1)/((-1)/(-6))*1. Let d be (-16)/w*15/10. Suppose -d*p + 0*p + 8 = 0. Give b(p).
-4
Let f(d) be the third derivative of -d**5/60 - d**4/24 + 2*d**3/3 - 13*d**2. Let p(a) = -a - 3. Let j be p(-3). Give f(j).
4
Let g(m) = -m**3 + 2. Let r be g(0). Let n(q) = 4*q - 2 - 2*q + 4 + q**r. Let h(w) = 3*w**3 - w**2 - 2*w - 2. Let z be h(-1). Give n(z).
10
Suppose s + 20 = 2*s. Suppose 10*v - 5*v = s. Let p(l) = -2*l - v*l + 3*l. Determine p(2).
-6
Let t be (0/(-1))/(-18 + 22). Let b(n) = 4 - 5 - 5 + n. Determine b(t).
-6
Let i(r) be the third derivative of r**9/60480 - r**8/4032 + r**6/180 - r**5/30 - 4*r**2. Let s(x) be the third derivative of i(x). Calculate s(5).
4
Let z(y) = -3*y**3 + 5*y**3 + 46 - 45 - 2*y**2. Let a(q) = -5*q**3 + 7*q**2 + q - 4. Let t be (3/(-4))/((-1)/(-4)). Let u(n) = t*a(n) - 8*z(n). Give u(-3).
-5
Let b(z) = 5*z**2 + 9*z - 7. Let o(u) = 2*u - 3*u - 2*u**2 + u**2 + 1 + 0*u. Let k(d) = b(d) + 6*o(d). Suppose -17 + 2 = -3*p. Give k(p).
-11
Let u(q) = q**3 + 4*q**2 + 2*q - 2. Suppose -4*k - 13 = -0*n - n, 3*n = -k. Give u(k).
1
Let q = -65 + 72. Let c(n) = n**2 - 8*n + 5. Calculate c(q).
-2
Let q(u) be the third derivative of -u**5/60 - u**4/12 - u**3/6 - 26*u**2. Calculate q(-4).
-9
Suppose 2*k + 3*f - 11 = 0, -5*f + 3 + 2 = 0. Suppose -3*t + 4*t + 55 = k*u, 2*u + t - 35 = 0. Let y be (-1 + -1)*u/6. Let l(s) = -2*s - 3. What is l(y)?
7
Let p(c) = c - 2. Let h(j) = j - 4 + 2 - 6 + 1. Let y be h(7). Give p(y).
-2
Let z be 1 - (2 + 0/1). Suppose 19 = 4*a - s, -3*s + 2*s - 11 = -2*a. Let d(w) = -2*w**2 + w - a*w**2 - 2*w**2. What is d(z)?
-9
Let m(b) = -b**2 + 8*b + 7. Let q(l) = -l**3 - 7*l**2 - 9*l - 10. Let o be q(-6). Determine m(o).
7
Let l(k) = -1 + 1 + 1 + 3*k**2 + 41*k - 39*k. What is l(-2)?
9
Let u(a) = a**3 - 2*a**2 + 6*a + 1. Let f(o) = -o - 1. Let b(y) = -4*f(y) - u(y). Suppose 16*w - 36 = -2*w. What is b(w)?
-1
Let g be 22/8 + 2/8. Suppose 4*z - 16 = 0, -g*z + 24 + 8 = -4*l. Let q(h) = h**3 + 6*h**2 + 5*h - 6. What is q(l)?
-6
Let i(c) = c + 3*c**3 - 21 + 20 + 0*c**2 + c**2. Determine i(1).
4
Let c(p) = -2 - 2*p**2 - 21*p + 3*p**2 + 20*p. Determine c(2).
0
Let c(i) = 3*i + 0*i - 2*i. Let r(w) = -w**2 + 2. Let l be r(-2). Let j be 3*1/(1 + l). What is c(j)?
-3
Let c(y) = y**3 - 5*y**2 + 3*y. Let z(d) be the first derivative of d**4/4 + d**3/3 + 3*d + 1. Let p be z(0). Suppose 3 = p*n - 6. Calculate c(n).
-9
Let i(n) be the first derivative of n**2/2 - n - 18. Calculate i(-6).
-7
Let t(l) = l**2 + 3*l + 1. Let a(z) = -z**2 - 4*z. Let r(v) = 3*a(v) + 2*t(v). What is r(-5)?
7
Let u(k) = 2*k + 2. Let q = -12 - -9. What is u(q)?
-4
Let t(i) = i - 4. Suppose -3*q = -2*q - 6. Let a be t(q). Let r(v) = v**3 + 2*v - 2*v**3 - v - v**a - 2. Determine r(-2).
0
Let o(i) = i - 1. Suppose 4*c + 8 = -2*n - 3*n, n = -5*c - 10. Suppose -q - 6 + n = 0. Give o(q).
-7
Let p be -4*(2 + (-20)/8). Suppose -p*g = -2*b + 1 + 1, -5*b + 4*g = -9. Let x(i) = i - 2*i + 0*i. What is x(b)?
-5
Let c(s) = -4*s + 4*s + s**2. Let b(o) = -6*o**2 - 6*o - 5. Let z(u) = -b(u) - 5*c(u). Suppose -4*q = 3*f + 23, -4*f - 4*q - 42 = -14. What is z(f)?
0
Let n(x) = x**2 - 7*x**2 - 8*x + 4*x**2 + 3*x**2 + 10. What is n(7)?
3
Let u(f) be the third derivative of -7*f**4/24 + f**3/6 - 17*f**2. Give u(1).
-6
Let j(q) be the third derivative of -q**4/24 - 5*q**3/6 - 11*q**2. What is j(-5)?
0
Let w(y) = y + 2. Let s be w(0). Let p(q) = 6 + q - s*q**2 - 3 - 4*q. What is p(-3)?
-6
Let q(y) = -2*y - 9. Let i = -11 - -5. Give q(i).
3
Let a(u) = u**3 + 4*u**2 + 4*u + 3. Let z(r) = r**3 + 3*r**2 - 4*r + 5. Let h be z(-4). Suppose h = o + 3. Let d be (1 